{"version":"1.0","provider_name":"Slovenski dom in Svet slovenske nacionalne manj\u0161ine Mesta Zagreb","provider_url":"http:\/\/tmp.warp-poligon.info\/si","author_name":"agata","author_url":"http:\/\/tmp.warp-poligon.info\/si\/author\/agata\/","title":"Alpinisti\u010dni \u010detrtek s Toma\u017eem Jakof\u010di\u010dem | Slovenski dom in Svet slovenske nacionalne manj\u0161ine Mesta Zagreb","type":"rich","width":600,"height":338,"html":"<blockquote class=\"wp-embedded-content\" data-secret=\"D8fFvhGwzi\"><a href=\"http:\/\/tmp.warp-poligon.info\/si\/alpinisticni-cetrtek-s-tomazem-jakofcicem\/\">Alpinisti\u010dni \u010detrtek s Toma\u017eem Jakof\u010di\u010dem<\/a><\/blockquote><iframe sandbox=\"allow-scripts\" security=\"restricted\" src=\"http:\/\/tmp.warp-poligon.info\/si\/alpinisticni-cetrtek-s-tomazem-jakofcicem\/embed\/#?secret=D8fFvhGwzi\" width=\"600\" height=\"338\" title=\"&#8220;Alpinisti\u010dni \u010detrtek s Toma\u017eem Jakof\u010di\u010dem&#8221; &#8212; Slovenski dom in Svet slovenske nacionalne manj\u0161ine Mesta Zagreb\" data-secret=\"D8fFvhGwzi\" frameborder=\"0\" marginwidth=\"0\" marginheight=\"0\" scrolling=\"no\" class=\"wp-embedded-content\"><\/iframe><script type=\"text\/javascript\">\n\/* <![CDATA[ *\/\n\/*! This file is auto-generated *\/\n!function(d,l){\"use strict\";l.querySelector&&d.addEventListener&&\"undefined\"!=typeof URL&&(d.wp=d.wp||{},d.wp.receiveEmbedMessage||(d.wp.receiveEmbedMessage=function(e){var t=e.data;if((t||t.secret||t.message||t.value)&&!\/[^a-zA-Z0-9]\/.test(t.secret)){for(var s,r,n,a=l.querySelectorAll('iframe[data-secret=\"'+t.secret+'\"]'),o=l.querySelectorAll('blockquote[data-secret=\"'+t.secret+'\"]'),c=new RegExp(\"^https?:$\",\"i\"),i=0;i<o.length;i++)o[i].style.display=\"none\";for(i=0;i<a.length;i++)s=a[i],e.source===s.contentWindow&&(s.removeAttribute(\"style\"),\"height\"===t.message?(1e3<(r=parseInt(t.value,10))?r=1e3:~~r<200&&(r=200),s.height=r):\"link\"===t.message&&(r=new URL(s.getAttribute(\"src\")),n=new URL(t.value),c.test(n.protocol))&&n.host===r.host&&l.activeElement===s&&(d.top.location.href=t.value))}},d.addEventListener(\"message\",d.wp.receiveEmbedMessage,!1),l.addEventListener(\"DOMContentLoaded\",function(){for(var e,t,s=l.querySelectorAll(\"iframe.wp-embedded-content\"),r=0;r<s.length;r++)(t=(e=s[r]).getAttribute(\"data-secret\"))||(t=Math.random().toString(36).substring(2,12),e.src+=\"#?secret=\"+t,e.setAttribute(\"data-secret\",t)),e.contentWindow.postMessage({message:\"ready\",secret:t},\"*\")},!1)))}(window,document);\n\/* ]]> *\/\n<\/script>\n","thumbnail_url":"http:\/\/tmp.warp-poligon.info\/si\/wp-content\/uploads\/sites\/2\/2016\/11\/plakat-Tomaz-Jakofcic.jpg","thumbnail_width":1456,"thumbnail_height":2592,"description":"Zagreb \u2013 10. november 2016 V Slovenskem domu je v sodelovanju z HPD \u017deljezni\u010dar in pobudo Plezati je treba\u00a0predaval Toma\u017e Jakof\u010di\u010d iz Ljubljane. Vrhunski alpinist, gorski vodnik in alpinisti\u010dni vodnik je ob projekciji \u010dudovitih slik s svojih vzponov, govoril o svoji 38-letni bogati in uspe\u0161ni karieri. (akm) Ve\u010d v Novem odmevu 60. &nbsp; &nbsp; &nbsp; [&hellip;]"}

Slovenski dom in Svet slovenske nacionalne manjšine Mesta Zagreb

Alpinistični četrtek s Tomažem Jakofčičem | Slovenski dom in Svet slovenske nacionalne manjšine Mesta Zagreb

<blockquote class="wp-embedded-content" data-secret="D8fFvhGwzi"><a href="http://tmp.warp-poligon.info/si/alpinisticni-cetrtek-s-tomazem-jakofcicem/">Alpinistični četrtek s Tomažem Jakofčičem</a></blockquote><iframe sandbox="allow-scripts" security="restricted" src="http://tmp.warp-poligon.info/si/alpinisticni-cetrtek-s-tomazem-jakofcicem/embed/#?secret=D8fFvhGwzi" width="600" height="338" title="&#8220;Alpinistični četrtek s Tomažem Jakofčičem&#8221; &#8212; Slovenski dom in Svet slovenske nacionalne manjšine Mesta Zagreb" data-secret="D8fFvhGwzi" frameborder="0" marginwidth="0" marginheight="0" scrolling="no" class="wp-embedded-content"></iframe><script type="text/javascript">
/* <![CDATA[ */
/*! This file is auto-generated */
!function(d,l){"use strict";l.querySelector&&d.addEventListener&&"undefined"!=typeof URL&&(d.wp=d.wp||{},d.wp.receiveEmbedMessage||(d.wp.receiveEmbedMessage=function(e){var t=e.data;if((t||t.secret||t.message||t.value)&&!/[^a-zA-Z0-9]/.test(t.secret)){for(var s,r,n,a=l.querySelectorAll('iframe[data-secret="'+t.secret+'"]'),o=l.querySelectorAll('blockquote[data-secret="'+t.secret+'"]'),c=new RegExp("^https?:$","i"),i=0;i<o.length;i++)o[i].style.display="none";for(i=0;i<a.length;i++)s=a[i],e.source===s.contentWindow&&(s.removeAttribute("style"),"height"===t.message?(1e3<(r=parseInt(t.value,10))?r=1e3:~~r<200&&(r=200),s.height=r):"link"===t.message&&(r=new URL(s.getAttribute("src")),n=new URL(t.value),c.test(n.protocol))&&n.host===r.host&&l.activeElement===s&&(d.top.location.href=t.value))}},d.addEventListener("message",d.wp.receiveEmbedMessage,!1),l.addEventListener("DOMContentLoaded",function(){for(var e,t,s=l.querySelectorAll("iframe.wp-embedded-content"),r=0;r<s.length;r++)(t=(e=s[r]).getAttribute("data-secret"))||(t=Math.random().toString(36).substring(2,12),e.src+="#?secret="+t,e.setAttribute("data-secret",t)),e.contentWindow.postMessage({message:"ready",secret:t},"*")},!1)))}(window,document);
/* ]]> */
</script>

Zagreb – 10. november 2016 V Slovenskem domu je v sodelovanju z HPD Željezničar in pobudo Plezati je treba predaval Tomaž Jakofčič iz Ljubljane. Vrhunski alpinist, gorski vodnik in alpinistični vodnik je ob projekciji čudovitih slik s svojih vzponov, govoril o svoji 38-letni bogati in uspešni karieri. (akm) Več v Novem odmevu 60. &nbsp; &nbsp; &nbsp; [&hellip;]
